) = f**3 - 19*f**2 - 2613*f + 7988. Calculate x(3).
5
Let f(b) = 7858*b - 47197. Determine f(6).
-49
Let c(o) = -o**3 + 397*o**2 + 1623*o + 79. What is c(-4)?
3
Let j(l) = l**3 - 506*l**2 + 526*l - 10582. Give j(505).
23
Let r(b) = b**3 + 181*b**2 - 780*b - 5862. What is r(8)?
-6
Let r(m) = 30*m + 685. Give r(14).
1105
Let w(d) = d**2 - 396*d + 37699. Determine w(231).
-416
Let v(m) = -2*m**3 + 11*m**2 + 2714*m - 16230. Determine v(6).
18
Let t(m) = -75*m**3 + 457*m**2 - 24*m - 111. What is t(6)?
-3
Let b(a) = a**3 + 228*a**2 + 4419*a + 896540. Give b(-226).
-2
Let q(i) = -i**3 + 9*i**2 + 1342*i + 5295. What is q(-4)?
135
Let c(o) = 1119*o + 39765. Give c(-35).
600
Let f(t) = -t**3 - 150*t**2 + 269*t - 4709. Calculate f(-152).
611
Let q(v) = -538*v**2 - 18834*v - 167. Give q(-35).
-27
Let m(q) = 4*q**2 - 55*q + 127. Give m(13).
88
Let v(w) = -5611*w - 30628. Give v(-6).
3038
Let r(x) = -33*x**2 - 8275*x + 2008. Give r(-251).
0
Let c(f) = 40*f**3 - f**2 - 7*f - 6. Determine c(-2).
-316
Let z(h) = 1290*h + 15274. What is z(-12)?
-206
Let h(v) = -159*v**2 + 29253*v + 435. Calculate h(184).
-117
Let n(w) = 2621*w + 17581. What is n(-7)?
-766
Let t(s) = 25*s**2 - 10462*s - 5471. Calculate t(419).
-24
Let j(z) = z**3 - 5*z**2 + 2266*z - 4532. What is j(2)?
-12
Let m(w) = 2*w**3 + 125*w**2 - 904*w - 594. What is m(-69)?
-111
Let n(g) = g**3 + 90*g**2 + 241*g - 1536. What is n(-87)?
204
Let k(i) = 1968*i - 1161130. What is k(590)?
-10
Let l(x) = 2399*x - 11312. What is l(5)?
683
Let s(i) = 10586*i - 762102. What is s(72)?
90
Let f(h) = 22*h**3 + 115*h**2 + 201*h + 930. What is f(-5)?
50
Let j(t) = 4294*t + 1129233. Give j(-263).
-89
Let s(z) = z**2 - 747*z - 21. What is s(0)?
-21
Let d(h) = 17*h**2 + 484*h - 12018. What is d(16)?
78
Let o(g) = -78031*g - 2965202. Calculate o(-38).
-24
Let k(d) = 7855*d - 15707. Give k(2).
3
Let k(l) = -106428*l + 319279. Determine k(3).
-5
Let u(p) = -13*p**3 + 153*p**2 - 45*p - 745. Calculate u(11).
-30
Let h(o) = -21619*o + 19521954. What is h(903)?
-3
Let p(w) = -26*w**3 + 12*w**2 - 3046*w - 3051. Give p(-1).
33
Let c(h) = 556*h - 15308. Determine c(27).
-296
Let m(i) = -32*i + 2742. Calculate m(37).
1558
Let j(z) = 4*z**2 + 179*z + 1757. Determine j(-9).
470
Let j(m) = -m**3 - 20*m**2 - 9783*m - 185579. Determine j(-19).
-63
Let b(z) = 96*z + 8563. Determine b(-90).
-77
Let j(z) = 34*z**2 + 1684*z + 5061. Determine j(-3).
315
Let c(l) = -l**3 - 28*l**2 + 467*l - 966. Determine c(-39).
-2448
Let t(q) = -q**2 + 43*q + 4273. Give t(77).
1655
Let s(y) = 5448*y + 108925. What is s(-20)?
-35
Let a(c) = 475*c**3 - 2376*c**2 + 4*c. Determine a(5).
-5
Let g(y) = -3*y**3 + 23*y**2 + 1493*y + 63. Calculate g(25).
4888
Let a(b) = -156389*b - 9070566. What is a(-58)?
-4
Let f(t) = 30*t**2 - 17492*t - 16371. What is f(584)?
-19
Let n(s) = 7084*s + 11025. Give n(-2).
-3143
Let u(m) = 117304*m - 6803627. Determine u(58).
5
Let m(q) = 123*q + 39698. What is m(-314)?
1076
Let m(o) = o**3 - 43*o**2 - 292*o + 347. What is m(49)?
445
Let r(l) = -7*l**3 + 33*l**2 + 16*l + 140. Determine r(7).
-532
Let k(r) = -449*r - 6696. Determine k(-17).
937
Let b(x) = 15632*x + 14053168. What is b(-899)?
0
Let p(l) = -l**3 - 10*l**2 + 343*l - 8. Calculate p(-24).
-176
Let k(w) = 1266*w + 3797. What is k(-3)?
-1
Let g(z) = -z**2 - 2000*z + 267871. Calculate g(126).
-5
Let o(x) = -159*x + 7255. Determine o(48).
-377
Let m(h) = 28239*h - 423559. Calculate m(15).
26
Let o(i) = -8*i**3 - 798*i**2 + 1004*i - 627. What is o(-101)?
-21
Let q(r) = -871*r + 8776. What is q(10)?
66
Let v(j) = -j**3 - 115*j**2 + 13984*j - 447. Determine v(-189).
-69
Let k(m) = m**3 - 18*m**2 - 294. What is k(19)?
67
Let f(v) = v**3 + 17*v**2 + 49*v - 138. Calculate f(-14).
-236
Let j(v) = -17577*v - 421841. Give j(-24).
7
Let k(d) = d**3 + 11*d**2 - d + 56. Give k(-11).
67
Let x(k) = k**3 - 349*k**2 + 7811*k - 3551. Calculate x(325).
24
Let l(o) = 13122*o - 52449. Give l(4).
39
Let o(h) = 1114*h - 209436. What is o(188)?
-4
Let r(v) = 2332*v - 315. Give r(1).
2017
Let y(c) = -2*c**3 + 88*c**2 + 242*c - 1684. Give y(46).
984
Let m(r) = -r**2 + 12*r + 176. Give m(-3).
131
Let j(v) = -25*v**2 + 885*v + 285. Determine j(35).
635
Let h(g) = 6*g**2 - 483*g + 4578. What is h(11)?
-9
Let o(g) = -6*g**3 - 14*g**2 + 33*g + 16. Calculate o(-5).
251
Let t(f) = -1039*f - 42378. Determine t(-40).
-818
Let y(t) = -2*t**3 - 107*t**2 - 68*t - 6339. What is y(-54)?
249
Let r(b) = -5*b**2 - 8*b + 5093. Give r(31).
40
Let i(s) = 211*s - 26210. Give i(120).
-890
Let g(a) = -a**2 - 394*a + 437291. Give g(493).
0
Let m(j) = 17*j**2 + 535*j - 2158. Determine m(-35).
-58
Let s(h) = -13*h**3 + 279*h**2 - 113*h - 45. What is s(21)?
228
Let s(r) = r**3 - 77*r**2 + 7*r - 6620. Calculate s(78).
10
Let i(o) = -o**2 + 33881*o - 12432233. Determine i(371).
-23
Let s(i) = -1359*i - 20421. What is s(-15)?
-36
Let n(l) = -4*l**3 + 22*l**2 + 99*l - 58. Determine n(-6).
1004
Let p(w) = 29358*w + 293558. What is p(-10)?
-22
Let h(i) = -9*i**3 + 46*i**2 + 14*i - 6. Give h(-6).
3510
Let u(g) = 4180*g**2 - 317675*g - 384. Calculate u(76).
-4
Let w(a) = -7*a**3 - 82*a**2 + 60*a + 26. Determine w(-12).
-406
Let f(q) = q**3 - 43*q**2 + 53*q - 343. What is f(42)?
119
Let s(a) = -a**3 + 436*a**2 - 38*a + 16539. Calculate s(436).
-29
Let a(s) = 1547*s - 126847. Give a(82).
7
Let z(o) = o**3 - 284*o**2 + 473*o - 53748. Calculate z(283).
22
Let t(p) = p**3 + 1412*p**2 + 14032*p + 91. What is t(-10)?
-29
Let l(v) = 30*v + 3339. Calculate l(-120).
-261
Let a(n) = -n**3 - 4632*n**2 - 3140777*n - 1656. What is a(-825)?
-6
Let r(c) = -c**2 + 5782*c - 2212469. Determine r(412).
-29
Let v(f) = f**2 + 4822*f + 91246. Give v(-19).
-11
Let q(n) = -373*n + 93248. What is q(250)?
-2
Let s(m) = -6*m**2 + 135*m - 57. Give s(18).
429
Let w(b) = -2*b**3 + 103*b**2 - 1144*b + 136. Determine w(16).
8
Let x(u) = -3*u**2 + 14467*u + 159452. Give x(-11).
-48
Let m(j) = -174*j - 20500. Calculate m(-118).
32
Let h(k) = 8*k**2 - 609*k + 7690. Calculate h(16).
-6
Let k(l) = -65*l - 11415. What is k(-185)?
610
Let k(m) = -2334*m - 21390. Determine k(-9).
-384
Let n(w) = -65528*w + 1441752. Determine n(22).
136
Let d(v) = -2*v**3 + 51*v**2 - 202*v + 191. Give d(21).
-82
Let y(r) = -13*r**3 + 679*r**2 + 49289*r + 98. Give y(93).
5
Let t(u) = -19*u**2 + 2067*u - 34732. Give t(88).
28
Let u(m) = -m**2 + 73*m + 185723. Determine u(469).
-1
Let p(t) = 31602*t + 10049448. Give p(-318).
12
Let a(s) = 145*s + 1964. What is a(-17)?
-501
Let r(a) = a**3 + 177*a**2 - 2070*a - 44. Give r(11).
-66
Let i(h) = -4*h**3 - 1532*h**2 - 28*h - 10628. Give i(-383).
96
Let b(c) = -77*c**2 + 93*c - 366. Determine b(4).
-1226
Let u(h) = -93*h**2 - 35*h + 7. Determine u(1).
-121
Let t(h) = 150*h - 14515. Give t(105).
1235
Let h(z) = -381*z - 771. Determine h(-2).
-9
Let v(m) = 3027*m - 121118. Calculate v(40).
-38
Let t(h) = 2*h**3 - 23*h**2 + 85*h - 25. Give t(5).
75
Let p(a) = 60*a**2 + 16*a + 43. Calculate p(-2).
251
Let t(j) = -711*j + 54346. Determine t(77).
-401
Let m(g) = 7*g**2 - 121*g - 14. What is m(16)?
-158
Let p(i) = -6014*i + 4. Give p(0).
4
Let v(p) = -63395*p + 380374. What is v(6)?
4
Let r(v) = 2*v**2 - 4627*v + 1197822. Give r(297).
21
Let l(a) = 22313*a - 4574155. What is l(205)?
10
Let l(j) = j**3 - 33*j**2 + 20*j - 849. Calculate l(33).
-189
Let d(c) = -3*c**2 + 7022*c + 2761503. Give d(-343).
10
Let c(s) = -s**3 - 16*s**2 + 32*s + 61. Give c(-18).
133
Let l(i) = 3*i**2 - 670*i - 3985. Determine l(-6).
143
Let x(q) = 12*q**3 + 14*q**2 + 12*q - 25. Calculate x(1).
13
Let b(t) = 7837*t - 384014. Give b(49).
-1
Let f(o) = 3*o**2 + 1235*o + 3269. What is f(-409)?
-3
Let a(r) = -r**3 + 137*r**2 + 563*r + 116. Calculate a(141).
-25
Let h(s) = 1786*s + 162730. What is h(-91)?
204
Let m(j) = 7*j**2 + 407*j - 2408. Calculate m(6).
286
Let l(r) = r**3 + 54*r**2 - 196*r - 2902. Give l(-6).
2
Let z(a) = -3806*a - 22548. What is z(-6)?
288
Let k(v) = v**2 + 180*v + 5745. Determine k(-139).
46
Let t(j) = -4*j**2 + 427*j - 4432. What is t(95)?
33
Let o(g) = -16*g**3 + 1301*g**2 + 902*g - 42. What is o(82)?
-42
Let b(g) = g**2 + 18*g - 21023. Give b(-155).
212
Let j(h) = h**3 - 145*h**2 - 279*h + 40439. Give j(145).
-16
Let n(p) = 87*p**3 + 783*p**2 - 52*p - 468. Wha